{"id":24169,"date":"2020-05-08T11:09:50","date_gmt":"2020-05-08T11:09:50","guid":{"rendered":"https:\/\/meigal.pt\/loja\/sem%20categoria\/import-placeholder-for-30003\/"},"modified":"2022-08-11T16:38:08","modified_gmt":"2022-08-11T16:38:08","slug":"maos-de-bovino-sem-osso","status":"publish","type":"product","link":"https:\/\/meigal.pt\/fr\/produtos\/%postname%\/maos-de-bovino-sem-osso\/","title":{"rendered":"Pieds de b\u0153uf sans os"},"content":{"rendered":"<p>Trata-se dos membros inferiores dianteiros e \u00e9 um dos cortes mais duros do bovino com pouca carne, muitos nervos, gordura e pele.<\/p>\n","protected":false},"excerpt":{"rendered":"<p>Trata-se dos membros inferiores dianteiros e \u00e9 um dos cortes mais duros do bovino com pouca carne, muitos nervos, gordura e pele.<\/p>\n","protected":false},"featured_media":22848,"comment_status":"closed","ping_status":"closed","template":"","meta":[],"product_cat":[258],"product_tag":[],"class_list":{"0":"post-24169","1":"product","2":"type-product","3":"status-publish","4":"has-post-thumbnail","6":"product_cat-bovino-bovino","8":"first","9":"outofstock","10":"virtual","11":"product-type-simple","12":"pofo-product-3col"},"yoast_head":"<!-- This site is optimized with the Yoast SEO plugin v26.7 - https:\/\/yoast.com\/wordpress\/plugins\/seo\/ -->\n<title>Pieds de b\u0153uf sans os<\/title>\n<meta name=\"robots\" content=\"index, follow, max-snippet:-1, max-image-preview:large, max-video-preview:-1\" \/>\n<link rel=\"canonical\" href=\"https:\/\/meigal.pt\/fr\/produtos\/%postname%\/maos-de-bovino-sem-osso\/\" \/>\n<meta property=\"og:locale\" content=\"fr_FR\" \/>\n<meta property=\"og:locale:alternate\" content=\"pt_PT\" \/>\n<meta property=\"og:type\" content=\"article\" \/>\n<meta property=\"og:title\" content=\"Pieds de b\u0153uf sans os\" \/>\n<meta property=\"og:description\" content=\"Trata-se dos membros inferiores dianteiros e \u00e9 um dos cortes mais duros do bovino com pouca carne, muitos nervos, gordura e pele.\" \/>\n<meta property=\"og:url\" content=\"https:\/\/meigal.pt\/fr\/produtos\/%postname%\/maos-de-bovino-sem-osso\/\" \/>\n<meta property=\"og:site_name\" content=\"Meigal\" \/>\n<meta property=\"article:modified_time\" content=\"2022-08-11T16:38:08+00:00\" \/>\n<meta property=\"og:image\" content=\"https:\/\/meigal.pt\/wp-content\/uploads\/2020\/05\/1000000484_M\u00e3os_de_Bovino_sem_Osso.jpg.jpg\" \/>\n\t<meta property=\"og:image:width\" content=\"1920\" \/>\n\t<meta property=\"og:image:height\" content=\"1081\" \/>\n\t<meta property=\"og:image:type\" content=\"image\/jpeg\" \/>\n<meta name=\"twitter:card\" content=\"summary_large_image\" \/>\n<script type=\"application\/ld+json\" class=\"yoast-schema-graph\">{\"@context\":\"https:\/\/schema.org\",\"@graph\":[{\"@type\":\"WebPage\",\"@id\":\"https:\/\/meigal.pt\/produtos\/%postname%\/maos-de-bovino-sem-osso\/\",\"url\":\"https:\/\/meigal.pt\/produtos\/%postname%\/maos-de-bovino-sem-osso\/\",\"name\":\"Pieds de b\u0153uf sans os\",\"isPartOf\":{\"@id\":\"https:\/\/meigal.pt\/#website\"},\"primaryImageOfPage\":{\"@id\":\"https:\/\/meigal.pt\/produtos\/%postname%\/maos-de-bovino-sem-osso\/#primaryimage\"},\"image\":{\"@id\":\"https:\/\/meigal.pt\/produtos\/%postname%\/maos-de-bovino-sem-osso\/#primaryimage\"},\"thumbnailUrl\":\"https:\/\/meigal.pt\/wp-content\/uploads\/2020\/05\/1000000484_M\u00e3os_de_Bovino_sem_Osso.jpg.jpg\",\"datePublished\":\"2020-05-08T11:09:50+00:00\",\"dateModified\":\"2022-08-11T16:38:08+00:00\",\"breadcrumb\":{\"@id\":\"https:\/\/meigal.pt\/produtos\/%postname%\/maos-de-bovino-sem-osso\/#breadcrumb\"},\"inLanguage\":\"fr-FR\",\"potentialAction\":[{\"@type\":\"ReadAction\",\"target\":[\"https:\/\/meigal.pt\/produtos\/%postname%\/maos-de-bovino-sem-osso\/\"]}]},{\"@type\":\"ImageObject\",\"inLanguage\":\"fr-FR\",\"@id\":\"https:\/\/meigal.pt\/produtos\/%postname%\/maos-de-bovino-sem-osso\/#primaryimage\",\"url\":\"https:\/\/meigal.pt\/wp-content\/uploads\/2020\/05\/1000000484_M\u00e3os_de_Bovino_sem_Osso.jpg.jpg\",\"contentUrl\":\"https:\/\/meigal.pt\/wp-content\/uploads\/2020\/05\/1000000484_M\u00e3os_de_Bovino_sem_Osso.jpg.jpg\",\"width\":1920,\"height\":1081},{\"@type\":\"BreadcrumbList\",\"@id\":\"https:\/\/meigal.pt\/produtos\/%postname%\/maos-de-bovino-sem-osso\/#breadcrumb\",\"itemListElement\":[{\"@type\":\"ListItem\",\"position\":1,\"name\":\"In\u00edcio\",\"item\":\"https:\/\/meigal.pt\/\"},{\"@type\":\"ListItem\",\"position\":2,\"name\":\"Produtos\",\"item\":\"https:\/\/meigal.pt\/shop\/\"},{\"@type\":\"ListItem\",\"position\":3,\"name\":\"M\u00e3os de Bovino sem Osso\"}]},{\"@type\":\"WebSite\",\"@id\":\"https:\/\/meigal.pt\/#website\",\"url\":\"https:\/\/meigal.pt\/\",\"name\":\"Meigal\",\"description\":\"Distribuidor de produtos alimentares\",\"potentialAction\":[{\"@type\":\"SearchAction\",\"target\":{\"@type\":\"EntryPoint\",\"urlTemplate\":\"https:\/\/meigal.pt\/?s={search_term_string}\"},\"query-input\":{\"@type\":\"PropertyValueSpecification\",\"valueRequired\":true,\"valueName\":\"search_term_string\"}}],\"inLanguage\":\"fr-FR\"}]}<\/script>\n<!-- \/ Yoast SEO plugin. -->","yoast_head_json":{"title":"Pieds de b\u0153uf sans os","robots":{"index":"index","follow":"follow","max-snippet":"max-snippet:-1","max-image-preview":"max-image-preview:large","max-video-preview":"max-video-preview:-1"},"canonical":"https:\/\/meigal.pt\/fr\/produtos\/%postname%\/maos-de-bovino-sem-osso\/","og_locale":"fr_FR","og_type":"article","og_title":"[:fr]Pieds de b\u0153uf sans os[:pt]M\u00e3os de Bovino sem Osso[:] - Meigal","og_description":"Trata-se dos membros inferiores dianteiros e \u00e9 um dos cortes mais duros do bovino com pouca carne, muitos nervos, gordura e pele.","og_url":"https:\/\/meigal.pt\/fr\/produtos\/%postname%\/maos-de-bovino-sem-osso\/","og_site_name":"Meigal","article_modified_time":"2022-08-11T16:38:08+00:00","og_image":[{"width":1920,"height":1081,"url":"https:\/\/meigal.pt\/wp-content\/uploads\/2020\/05\/1000000484_M\u00e3os_de_Bovino_sem_Osso.jpg.jpg","type":"image\/jpeg"}],"twitter_card":"summary_large_image","schema":{"@context":"https:\/\/schema.org","@graph":[{"@type":"WebPage","@id":"https:\/\/meigal.pt\/produtos\/%postname%\/maos-de-bovino-sem-osso\/","url":"https:\/\/meigal.pt\/produtos\/%postname%\/maos-de-bovino-sem-osso\/","name":"Pieds de b\u0153uf sans os","isPartOf":{"@id":"https:\/\/meigal.pt\/#website"},"primaryImageOfPage":{"@id":"https:\/\/meigal.pt\/produtos\/%postname%\/maos-de-bovino-sem-osso\/#primaryimage"},"image":{"@id":"https:\/\/meigal.pt\/produtos\/%postname%\/maos-de-bovino-sem-osso\/#primaryimage"},"thumbnailUrl":"https:\/\/meigal.pt\/wp-content\/uploads\/2020\/05\/1000000484_M\u00e3os_de_Bovino_sem_Osso.jpg.jpg","datePublished":"2020-05-08T11:09:50+00:00","dateModified":"2022-08-11T16:38:08+00:00","breadcrumb":{"@id":"https:\/\/meigal.pt\/produtos\/%postname%\/maos-de-bovino-sem-osso\/#breadcrumb"},"inLanguage":"fr-FR","potentialAction":[{"@type":"ReadAction","target":["https:\/\/meigal.pt\/produtos\/%postname%\/maos-de-bovino-sem-osso\/"]}]},{"@type":"ImageObject","inLanguage":"fr-FR","@id":"https:\/\/meigal.pt\/produtos\/%postname%\/maos-de-bovino-sem-osso\/#primaryimage","url":"https:\/\/meigal.pt\/wp-content\/uploads\/2020\/05\/1000000484_M\u00e3os_de_Bovino_sem_Osso.jpg.jpg","contentUrl":"https:\/\/meigal.pt\/wp-content\/uploads\/2020\/05\/1000000484_M\u00e3os_de_Bovino_sem_Osso.jpg.jpg","width":1920,"height":1081},{"@type":"BreadcrumbList","@id":"https:\/\/meigal.pt\/produtos\/%postname%\/maos-de-bovino-sem-osso\/#breadcrumb","itemListElement":[{"@type":"ListItem","position":1,"name":"In\u00edcio","item":"https:\/\/meigal.pt\/"},{"@type":"ListItem","position":2,"name":"Produtos","item":"https:\/\/meigal.pt\/shop\/"},{"@type":"ListItem","position":3,"name":"M\u00e3os de Bovino sem Osso"}]},{"@type":"WebSite","@id":"https:\/\/meigal.pt\/#website","url":"https:\/\/meigal.pt\/","name":"Meigal","description":"Distribuidor de produtos alimentares","potentialAction":[{"@type":"SearchAction","target":{"@type":"EntryPoint","urlTemplate":"https:\/\/meigal.pt\/?s={search_term_string}"},"query-input":{"@type":"PropertyValueSpecification","valueRequired":true,"valueName":"search_term_string"}}],"inLanguage":"fr-FR"}]}},"_links":{"self":[{"href":"https:\/\/meigal.pt\/fr\/wp-json\/wp\/v2\/product\/24169","targetHints":{"allow":["GET"]}}],"collection":[{"href":"https:\/\/meigal.pt\/fr\/wp-json\/wp\/v2\/product"}],"about":[{"href":"https:\/\/meigal.pt\/fr\/wp-json\/wp\/v2\/types\/product"}],"replies":[{"embeddable":true,"href":"https:\/\/meigal.pt\/fr\/wp-json\/wp\/v2\/comments?post=24169"}],"wp:featuredmedia":[{"embeddable":true,"href":"https:\/\/meigal.pt\/fr\/wp-json\/wp\/v2\/media\/22848"}],"wp:attachment":[{"href":"https:\/\/meigal.pt\/fr\/wp-json\/wp\/v2\/media?parent=24169"}],"wp:term":[{"taxonomy":"product_cat","embeddable":true,"href":"https:\/\/meigal.pt\/fr\/wp-json\/wp\/v2\/product_cat?post=24169"},{"taxonomy":"product_tag","embeddable":true,"href":"https:\/\/meigal.pt\/fr\/wp-json\/wp\/v2\/product_tag?post=24169"}],"curies":[{"name":"wp","href":"https:\/\/api.w.org\/{rel}","templated":true}]}}

Pieds de bœuf sans os

<p>Trata-se dos membros inferiores dianteiros e é um dos cortes mais duros do bovino com pouca carne, muitos nervos, gordura e pele.</p>

<!-- This site is optimized with the Yoast SEO plugin v26.7 - https://yoast.com/wordpress/plugins/seo/ -->
<title>Pieds de bœuf sans os</title>
<meta name="robots" content="index, follow, max-snippet:-1, max-image-preview:large, max-video-preview:-1" />
<link rel="canonical" href="https://meigal.pt/fr/produtos/%postname%/maos-de-bovino-sem-osso/" />
<meta property="og:locale" content="fr_FR" />
<meta property="og:locale:alternate" content="pt_PT" />
<meta property="og:type" content="article" />
<meta property="og:title" content="Pieds de bœuf sans os" />
<meta property="og:description" content="Trata-se dos membros inferiores dianteiros e é um dos cortes mais duros do bovino com pouca carne, muitos nervos, gordura e pele." />
<meta property="og:url" content="https://meigal.pt/fr/produtos/%postname%/maos-de-bovino-sem-osso/" />
<meta property="og:site_name" content="Meigal" />
<meta property="article:modified_time" content="2022-08-11T16:38:08+00:00" />
<meta property="og:image" content="https://meigal.pt/wp-content/uploads/2020/05/1000000484_Mãos_de_Bovino_sem_Osso.jpg.jpg" />
	<meta property="og:image:width" content="1920" />
	<meta property="og:image:height" content="1081" />
	<meta property="og:image:type" content="image/jpeg" />
<meta name="twitter:card" content="summary_large_image" />
<script type="application/ld+json" class="yoast-schema-graph">{"@context":"https://schema.org","@graph":[{"@type":"WebPage","@id":"https://meigal.pt/produtos/%postname%/maos-de-bovino-sem-osso/","url":"https://meigal.pt/produtos/%postname%/maos-de-bovino-sem-osso/","name":"Pieds de bœuf sans os","isPartOf":{"@id":"https://meigal.pt/#website"},"primaryImageOfPage":{"@id":"https://meigal.pt/produtos/%postname%/maos-de-bovino-sem-osso/#primaryimage"},"image":{"@id":"https://meigal.pt/produtos/%postname%/maos-de-bovino-sem-osso/#primaryimage"},"thumbnailUrl":"https://meigal.pt/wp-content/uploads/2020/05/1000000484_Mãos_de_Bovino_sem_Osso.jpg.jpg","datePublished":"2020-05-08T11:09:50+00:00","dateModified":"2022-08-11T16:38:08+00:00","breadcrumb":{"@id":"https://meigal.pt/produtos/%postname%/maos-de-bovino-sem-osso/#breadcrumb"},"inLanguage":"fr-FR","potentialAction":[{"@type":"ReadAction","target":["https://meigal.pt/produtos/%postname%/maos-de-bovino-sem-osso/"]}]},{"@type":"ImageObject","inLanguage":"fr-FR","@id":"https://meigal.pt/produtos/%postname%/maos-de-bovino-sem-osso/#primaryimage","url":"https://meigal.pt/wp-content/uploads/2020/05/1000000484_Mãos_de_Bovino_sem_Osso.jpg.jpg","contentUrl":"https://meigal.pt/wp-content/uploads/2020/05/1000000484_Mãos_de_Bovino_sem_Osso.jpg.jpg","width":1920,"height":1081},{"@type":"BreadcrumbList","@id":"https://meigal.pt/produtos/%postname%/maos-de-bovino-sem-osso/#breadcrumb","itemListElement":[{"@type":"ListItem","position":1,"name":"Início","item":"https://meigal.pt/"},{"@type":"ListItem","position":2,"name":"Produtos","item":"https://meigal.pt/shop/"},{"@type":"ListItem","position":3,"name":"Mãos de Bovino sem Osso"}]},{"@type":"WebSite","@id":"https://meigal.pt/#website","url":"https://meigal.pt/","name":"Meigal","description":"Distribuidor de produtos alimentares","potentialAction":[{"@type":"SearchAction","target":{"@type":"EntryPoint","urlTemplate":"https://meigal.pt/?s={search_term_string}"},"query-input":{"@type":"PropertyValueSpecification","valueRequired":true,"valueName":"search_term_string"}}],"inLanguage":"fr-FR"}]}</script>
<!-- / Yoast SEO plugin. -->

[:fr]Pieds de bœuf sans os[:pt]Mãos de Bovino sem Osso[:] - Meigal

Trata-se dos membros inferiores dianteiros e é um dos cortes mais duros do bovino com pouca carne, muitos nervos, gordura e pele.

https://meigal.pt/wp-content/uploads/2020/05/1000000484_Mãos_de_Bovino_sem_Osso.jpg.jpg

Início

Mãos de Bovino sem Osso
